 - 1 + q - 9*q**g + q**2 - 12*q**3. Determine y(-2).
-7
Let q(n) = 3*n**2 + n - 1. Let s = -1 + 4. Suppose -s*z = -z. Suppose 5*a = -z*a - 10. Calculate q(a).
9
Let p(j) = 27*j**2 + 3*j + 4. Let s(h) = -11*h**2 - 2*h - 2. Let u(a) = 2*p(a) + 5*s(a). Suppose 0 = -3*c + 5*c - 10. Let m = 3 - c. Calculate u(m).
2
Let s(h) = h**3 - 25*h**2 + 44*h + 38. Let c be s(23). Let d(x) = -x**2 - 5*x + 5. What is d(c)?
-19
Suppose -t + 4 = 1. Let x(o) = 3 + 0*o + o - o**2 - t*o. Let s be 0 + (12/4)/(-1). Give x(s).
0
Let k(l) = 51*l**2 - 7 - 26*l**2 - 6 - 26*l**2 - 2. What is k(0)?
-15
Suppose 0 = r + 5, 2*q + 0*q - 3*r = 3. Let t be ((-2)/q)/((-1)/(-15)). Let m(j) = j**2 - 6*j + 7. Give m(t).
2
Let x(l) = l**2 - 9*l + 7. Let b = 27 - 21. Let d(w) = -3*w**2 - 11 + 10*w + 2*w**2 + b - 3. Let m(k) = -2*d(k) - 3*x(k). What is m(5)?
5
Let o(d) = d + 1. Let t(i) = -6*i - 5. Let k(n) = -11*o(n) - 2*t(n). Let p be ((-8)/(-6))/(18/(-27)*1). Give k(p).
-3
Let l(z) = -z**3 + z**2 + z + 1. Suppose 0 = 2*d - 0*d. Let o be l(d). Let k(q) = 4*q + o - q - 4*q. Determine k(-2).
3
Suppose -2*h = -5*h - 0*h. Let d be h/(-4) - (2 + 1). Let x(t) = -t - 2. Give x(d).
1
Let j(v) = 0*v**2 - 4*v - 16 + 0*v - v**2 + 10*v + 3*v. What is j(7)?
-2
Let p(a) = a**3 + 13*a**2 - 15*a + 13. Let n = -40 + 26. Determine p(n).
27
Let o(l) = 11*l**2 + 15*l - 43. Let r(c) = -5*c**2 - 7*c + 20. Let g(u) = 4*o(u) + 9*r(u). Give g(-5).
-2
Let k(a) = a**2 - 4*a + 6. Let n(m) be the third derivative of -m**5/15 + m**4/12 - m**3/2 + m**2. Let y be n(2). Let l be ((-16)/(-10))/((-6)/y). Give k(l).
6
Let b = -40 - -45. Suppose f = -d - d + 5, -17 = -4*f - b*d. Let p(u) = -u - 2. Calculate p(f).
-5
Let b(v) = 2*v**2 + 25*v + 17. Let y(k) = -k**2 - 12*k - 8. Let m(c) = 6*b(c) + 13*y(c). Suppose 2*o + 7 = -d, 3*o - d = o - 17. Give m(o).
-2
Let m(r) = r - 4 + 18 - 5*r - 2. Determine m(10).
-28
Let c(n) = -n**3 - 3*n**2 - 1. Suppose 2*g = -2*g + 24. Let m(w) = w**2 + 3. Let o(x) = x. Let s(p) = -m(p) + 6*o(p). Let y be s(g). What is c(y)?
-1
Let b(k) = -k - 10. Let o(c) = -c**2 - 63*c - 973. Let p be o(-26). Give b(p).
1
Let y be ((-6)/8*2)/((-1)/2). Let z(s) = -2 - 4*s**2 - 5*s - 4*s**y + 4*s**3 + s**3. What is z(5)?
-2
Let v(y) = y**2 - 4*y - 6. Let f(q) = 4*q**2 + q. Let i be f(1). Let k be v(i). Let c be (-8)/2 - 1 - k. Let g(u) = -u**3 - 5*u**2 - 3*u - 4. Give g(c).
-8
Let x = -19 + 24. Let p(d) = 3*d + 30 - x*d - 33. Give p(-4).
5
Let k(m) = -m**3 + 12*m**2 - 19*m - 12. Let i = -2106 + 2116. What is k(i)?
-2
Suppose 10 = 3*y - 5*y. Let z(u) = -1 - 11*u + u**2 + 0 - u**3 + 7*u + 0*u**3 - 7*u**2. Give z(y).
-6
Let q(j) = -2*j. Suppose -13 = 3*g + 14. Let t be -1*2*(4 + g/6). What is q(t)?
10
Suppose 0 = -2*y - 3*i + 19, -8*y - 2*i = -62 + 16. Let w(v) = -4*v**2 - 22*v + 22. Let c(g) = g**2 + 7*g - 7. Let t(k) = -7*c(k) - 2*w(k). What is t(y)?
5
Let l(q) = 3*q**2 - 10*q + 4. Suppose -o + p - 4 = -12, 5*o = -5*p. Determine l(o).
12
Let c(d) be the first derivative of d**4/4 - 2*d**3 - d + 2. Let m be 1/(-2)*0/(-6). Suppose 28 = 2*q + 4*a, m = -0*a + 5*a - 20. Calculate c(q).
-1
Let k(p) be the first derivative of p**4/6 + 2*p**3/3 + 3*p**2/2 + 26*p + 11. Let s(z) be the first derivative of k(z). Give s(-4).
19
Let y(x) = -x**2 - 2*x + 3. Let o = -21 - -23. Let j be (o - -4)/(6/(-4)). What is y(j)?
-5
Suppose 4*j - 2*n = 30, -2*j - 3*n - 3 = 2*n. Let t be (-10)/((2 + -1)*-2). Let a(q) = -6*q**2 + 7*q - 4*q**3 - q**2 - 8 + t*q**3. Calculate a(j).
-2
Suppose z + 15 = 2*f, -f = 2*z - z - 6. Let r(p) = -14*p**3 + 13*p**3 + 5*p - f*p**2 - 1 + 4*p**2 - p. Determine r(-3).
-13
Let p(l) = l**3 + 15*l**2 + 13*l - 13. Let f be p(-14). Let i(c) = -5*c**2. What is i(f)?
-5
Let q(f) = -10*f + 12. Let k(y) = 9*y - 9. Let j(m) = 7*k(m) + 6*q(m). Calculate j(-3).
0
Let k(q) be the first derivative of -q**4/12 + 4*q**3/3 - q**2/2 + 9*q - 5. Let d(t) be the first derivative of k(t). What is d(6)?
11
Let c = 8 - 3. Let l = -138 - -140. Let q(f) = c*f**2 - 3 - 4*f**l + 5*f - 2*f**2 - 1. What is q(4)?
0
Suppose 0*x - 5*x - 10 = 0. Let s(q) be the third derivative of -q**5/30 - q**4/24 - q**3/3 + 8*q**2. Let d(m) = 1. Let h(j) = -4*d(j) - s(j). Determine h(x).
4
Suppose 4*r - 4*h + 29 = 73, -r + 4*h - 1 = 0. Suppose 5*a = -0*a + r. Let s(t) = 43*t**2 + 0*t**3 - 2 - 46*t**2 - t**a + 5*t. What is s(-4)?
-6
Let u be (-4)/(-6) + -1 + (-4)/(-12). Let n be u - (3 - 6) - (2 - 2). Let m(w) = 2*w**2 + 4. What is m(n)?
22
Let k be (4 - -5 - 6) + -1. Let x(i) be the third derivative of 3*i**k + 7/24*i**4 + 1/6*i**3 + 0*i + 0. Calculate x(-1).
-6
Let r = -1134 + 1140. Let n(w) = -w**2 + 9*w + 6. Let o(b) = -b**2 + 10*b + 6. Let x(m) = 6*n(m) - 5*o(m). Give x(r).
-6
Let s(q) be the third derivative of -4*q**2 + 0 - 1/6*q**4 + 1/12*q**5 + 1/120*q**6 + 0*q + 5/6*q**3. Let o(l) = 5*l**3 + 2*l + 1. Let y be o(-1). What is s(y)?
-7
Let q(h) = 264*h - 84*h - 91*h - 91*h - 5. Suppose x = 2*x + 6. Give q(x).
7
Let k(n) = -n**3 + 10*n**2 - 8*n + 9. Let x(g) = g**3 - 11*g**2 + 7*g - 10. Let v(r) = 3*k(r) + 2*x(r). Let m = -58 - -64. Calculate v(m).
19
Let n be (-1)/4 - 42/(-8). Let q(j) = 2*j**2 + 7*j + 31. Let d(p) = 3*p**2 + 13*p + 53. Let k(b) = -3*d(b) + 5*q(b). Give k(n).
1
Let w(k) = 7 + 0*k + 2*k**2 + 2*k + 898*k**3 - 899*k**3 + k**2. What is w(4)?
-1
Suppose 0 = -5*v + 22 + 8. Suppose 0 = -g + v*g - 5. Suppose 0 = -a + g - 7. Let z(q) = -q**2 - 4*q + 8. Determine z(a).
-4
Let d(y) = -y**3 + 4*y**2 - 3*y + 3. Let u(c) = c**3 + 4*c**2 - 8*c - 17. Let l be u(-5). Suppose g + 15 = 5*h + 2*g, -4*g = -20. Let q = h - l. Determine d(q).
-9
Let p(x) = 2*x - 3. Suppose 0 = 10*c - 93 - 17. Give p(c).
19
Let q(f) = -7*f + 30. Let t(y) = 11*y - 46. Let r(d) = 8*q(d) + 5*t(d). Calculate r(12).
-2
Suppose 7 = 5*w - 18. Suppose b = 2*m + 2*m + 16, 0 = -2*b - w*m - 33. Let f(x) = -x + 1. Calculate f(b).
5
Let u be (1 - -29)/(12/18). Let o be 1/8 + u/24. Let s(d) = 3 - 3 - o + d + 4. What is s(0)?
2
Let a = -694 - -696. Let o(g) = -11*g**2 + 2. Determine o(a).
-42
Suppose -8 = -2*r + 6. Suppose 1 = 3*u + r. Let q(h) = h**2 + h + 1. Let y(n) = 2*n**2 + n + 2. Let w(s) = 5*q(s) - 2*y(s). Give w(u).
-1
Suppose -17 = -4*c + 11. Let p(q) = -10877*q**2 + 10869*q**2 + q**3 + 6*q + 0 + 8. What is p(c)?
1
Suppose 4520 - 4548 = 7*q. Let v(b) be the first derivative of b**4/12 - b**3/2 + b**2/2 + 2. Let y(h) be the second derivative of v(h). Determine y(q).
-11
Let c(w) = w**2 - w - 11. Suppose 0 = 7*h - 5*h + 3*j + 21, 5*j = 5*h - 10. Give c(h).
1
Let r be 10/4*8/5. Suppose -n + r*n + 9 = 0. Let u(d) = -7*d**2 + 6*d + 8. Let v(k) = 6*k**2 - 5*k - 7. Let h(f) = 5*u(f) + 6*v(f). What is h(n)?
7
Suppose 2*j + o + 4*o - 12 = 0, 4*j + 2*o = -8. Let s(c) = 2*c**2 - 6*c. Let d(q) = -q**2 + q - 1. Suppose 12 = -3*m + m. Let k(y) = m*d(y) - 2*s(y). Give k(j).
14
Let a(d) = -d + 5. Suppose 5*m - 21 = -6. Suppose 3 = m*l - 3. Suppose 0 = -4*k - u - 1, 2*k = -5*u - l - 3. Determine a(k).
5
Let d(t) = -t**2 + 1. Let o(h) = -11*h**3 + 3*h**2 - h - 5. Let y(w) = 4*d(w) + o(w). Give y(-1).
10
Let f(a) = a - 4. Let y(w) = -2*w**3 + 8*w**2 + 9*w + 8. Let v be y(5). Determine f(v).
-1
Let k(b) = -3*b**2 - b + 5. Let s be k(-3). Let z = s + 22. Let y(d) = -7 + 13 - 4 - d**2 - z*d. Determine y(-2).
4
Let n(b) = -7*b - 5 + 18 + 5. Let k(p) = -4*p + 9. Let j(h) = -5*k(h) + 3*n(h). What is j(7)?
2
Let i(t) = -5*t + 18. Let x(q) = 1 + 0*q - 13 + 3*q. Let l(v) = 5*i(v) + 8*x(v). Suppose -15*m + 2*m + 13 = 78. What is l(m)?
-1
Let c(v) = -11*v + 27. Let k be c(6). Let l = -36 - k. Let i(w) = -3*w**2 + 3*w - 1. What is i(l)?
-19
Let b be (-2)/2 + (4 + -1 - -3). Suppose b*h = 11 - 21. Let j(i) be the first derivative of i**3/3 - i**2 - 2. Calculate j(h).
8
Let d(p) be the second derivative of 0*p**3 + 11/2*p**2 + 12*p + 1/12*p**4 - 1/20*p**5 + 0. Suppose 0 = -6*v + 2*v. Calculate d(v).
11
Let x(w) = 3*w - 11. Let n be x(8). Suppose -4*f + n = -7. Let p(a) = 3*a**3 - 6*a**2 - 5 + 4*a**3 + 8*a - 6*a**3. Give p(f).
10
Let d(s) = -s**2 - 3*s + 3. Suppose 0 = -3*w - 5*a + 20, -w - 11*a + 1 = -15*a. Give d(w).
-37
Let f(a) = -3*a**3 + 196*a**2 + 136*a - 256. Let d be f(66). Let i(h) = 5*h + 23. Let y(p) = -2*p - 11. Let z(n) = -4*i(n) - 9*y(n). Give z(d).
-9
Suppose 3 = 4*n - k, 0*n + 2*n - 3*k + 